*2 + 17*r + 2. Let k be w(17). Suppose -5*s = -4*m + 46, 2*m = 6*m + k*s - 32. What is the units digit of m?
9
Suppose 0 = -3*r + 2154 + 633. What is the hundreds digit of (-2)/2 + -10 + 6 + r?
9
Let x(h) = -11*h - 18. Let b be x(-2). Suppose -5*j + i + 1298 = 453, 0 = b*j + 4*i - 676. What is the hundreds digit of j?
1
Suppose 313*w - 342480 = 293*w. What is the ten thousands digit of w?
1
Suppose -5*f - 20 = 3*a - 2*a, 0 = -4*a - 3*f + 5. Suppose -7*k + 2*h = -2*k - 2051, 4*k - a*h - 1634 = 0. What is the hundreds digit of k?
4
Let j(g) = 388*g + 4066. What is the thousands digit of j(-7)?
1
Suppose 2*h - 818281 = -33*h - 178131. What is the units digit of h?
0
Let w(h) = 352*h**3 + 5*h**2 + 60*h - 429. What is the ten thousands digit of w(6)?
7
Let a be (-4)/6 + 3/((-54)/(-12)). Suppose 5*n + w - 2647 = 2021, -3*n + 5*w + 2784 = a. What is the units digit of n?
3
Let q(x) = -2*x**3 + 6*x**2 + 28*x + 316. What is the tens digit of q(-8)?
0
Suppose -536*p + 45959348 = -1584388. What is the units digit of p?
1
Suppose -5*c - 11 = -26. Suppose k = -5*x + 253, k + c*x + 158 = 419. What is the units digit of k?
3
Let l(d) = 5554*d**3 + d**2 + 31*d - 29. What is the thousands digit of l(1)?
5
Suppose -118*t - 640454 = -3126850 - 2794222. What is the units digit of t?
1
Let b be (2/4)/(2/40). Suppose 0 = b*u - 7*u - 12. Suppose -u*q + 122 = -154. What is the tens digit of q?
6
Suppose 13*c = 9*c - 420. Let p be (-20958)/c + (-4)/(-10). Let x = p - 135. What is the tens digit of x?
6
Let w = -104604 - -154181. What is the thousands digit of w?
9
Let s be (-2 - 138155/(-25)) + (-5)/25. Suppose -2*o + o = -q - 1379, 4*o + 4*q - s = 0. What is the units digit of o?
0
Let t = -68271 + 103645. What is the ten thousands digit of t?
3
Suppose 2*v = 2*z - 10480, -101*z + 98*z + 15768 = 5*v. What is the hundreds digit of z?
2
Suppose 64764 = 81*b - 67*b. What is the tens digit of b?
2
Let k = 2458 - -6016. What is the units digit of k?
4
Let q(s) = 74*s**2 - 11*s - 2. What is the units digit of q(10)?
8
Suppose 0 = -7*k + k. Let z(b) = -b**3 - 4*b**2 + b + 2. Let n be z(-5). Suppose k = n*t - 17*t - 100. What is the units digit of t?
0
Let o(u) = u + 202. Let l(d) = d**3 + 11*d**2 - 32*d - 7. Let r be l(-13). Let i = 71 - r. What is the hundreds digit of o(i)?
2
What is the thousands digit of (-163*(-4)/32*-2)/((-1)/68)?
2
Suppose 2*y = -o + 583, 2*y + 3*o - 581 = 4*o. Suppose 0 = u - 4, -y = 6*t - t - 4*u. Let r = t + 102. What is the units digit of r?
7
Suppose 3*k - 51303 = -3*f, 12882 = 6*f + 5*k - 89727. What is the ten thousands digit of f?
1
Suppose -3*a = -5*p + 6, -4*a - 4*p = -0*a - 24. Let z be (-1002)/4*a*48/(-27). Suppose -4*r - z = -5*q, 0*q + 4*q - 1060 = r. What is the hundreds digit of q?
2
Suppose 114*f - 112*f - 16294 = 0. What is the units digit of f?
7
Let r = 114 - 112. Let s be (r/(-6))/(2 - (-152)/(-72)). What is the tens digit of (s - 11)/(-2) + (188 - 1)?
9
Suppose 5*s - 698*p = -694*p + 112945, -67767 = -3*s + 5*p. What is the thousands digit of s?
2
Let z = 22 - 30. What is the tens digit of (-204)/(-1) - (6 + -1 + z)?
0
Let g be 148/(4 + (1 + 0 - 3)). Suppose -169 = 5*d - 2*a, a = 4*d - 2*a + 138. Let v = d + g. What is the units digit of v?
1
Let i(o) = o**3 + 8*o**2 + 8*o + 25. Let r be i(-10). Let q = r - -141. What is the tens digit of (-3 - -4) + (1 - q)?
1
Let n(z) = z**2 - 11*z + 32. Suppose m + 20 = 2*s, 0*s = -s - 5*m - 12. Let d be n(s). What is the tens digit of 28/(-3)*((-108)/d - -3)?
9
Suppose 0 = -4*q + 5*i + 28, -4*q + 34 = -4*i + 6. Let u(w) = 6*w - 1 - 41 + 12*w + 2*w. What is the tens digit of u(q)?
9
Let w = 96060 - 33077. What is the tens digit of w?
8
Let p(b) = -4*b**3 + 4*b**2 + 7*b + 258. What is the thousands digit of p(-12)?
7
Suppose 2*t - 2*y = 22396, y - 11194 = 8*t - 9*t. What is the ten thousands digit of t?
1
Suppose -3*s + 360972 = 2*s + 31*s. What is the tens digit of s?
2
Suppose -75 = -4*d - 5*c, 3*d = 3*c + c + 64. What is the units digit of ((-25)/d)/(2/(-432))?
0
What is the hundreds digit of ((-8)/20)/((11 + 153981/(-13998))/5)?
3
Let m = -6208 - -15001. What is the tens digit of m?
9
Let b(u) = 9*u + 25. Let c be b(-2). Suppose 0 = -3*k - 3*f + c*f + 1039, -3*k - 5*f + 1057 = 0. What is the units digit of k?
9
Let y(g) = g**3 + 5*g**2 - 4*g + 12. Suppose -33*a + 6 = -34*a. Let b be y(a). Suppose b = -4*x - l + 186, 4*l = -5*x - l + 225. What is the tens digit of x?
4
Let g = 43206 - 22443. What is the units digit of g?
3
Suppose -4*v - 3*q = 167, 0 = -5*v - 0*q + 2*q - 226. Let j = v - -46. What is the tens digit of (-21)/6 + 2 + 73/j?
3
Let h be 3883/(-4) + 52/(-208). Let d = 505 - h. What is the units digit of d?
6
Suppose 3*j + 204*h - 200*h - 74511 = 0, -99358 = -4*j - 2*h. What is the units digit of j?
1
Suppose -6*z + 4*z = 30. Let t be z/13 - -1 - (-112)/52. Suppose -2*v = t*m + 3*v - 21, -2*v - 125 = -5*m. What is the tens digit of m?
2
Let l(p) = 3798*p - 714. What is the thousands digit of l(7)?
5
Let z(n) = n**3 + 9*n**2 + 3*n + 14. Let k be z(-9). Let j be k/(5/10*-1). Let g = j - -61. What is the tens digit of g?
8
Let t = -669 + 1169. Let v = t + 1306. What is the thousands digit of v?
1
Suppose -537008 - 737118 - 343102 = -36*v. What is the tens digit of v?
2
Let j = -2230 + 2953. What is the units digit of j?
3
Let i(g) = 7*g - 20. Let v = -39 + 38. Let q be 24/((-9)/6*v). What is the tens digit of i(q)?
9
Let k(r) = -4*r + 8. Let q(w) = w. Let f(n) = k(n) + 16*q(n). Let u be (6/(-6))/((-2)/6). What is the units digit of f(u)?
4
Suppose -98*t = -235407 - 1212425 - 113896. What is the thousands digit of t?
5
Let i(p) = 2*p**2 - 22*p - 11. Let v be i(12). Suppose -5*c = -v*c + 3472. What is the hundreds digit of c?
4
Let r(m) = 36*m**2 + 1. Let w(h) = 2*h - 42. Let z be w(22). Suppose -z - 5 = -7*k. What is the units digit of r(k)?
7
Let p = -298 + 553. Suppose -3*w + 0*w - 522 = 0. Let o = p + w. What is the tens digit of o?
8
Let a(n) = 2987*n + 1272. What is the hundreds digit of a(11)?
1
Suppose 3*r + 0*r = 5*u + 19, -r + 5*u + 23 = 0. Let g be (-1218)/(4 - 10) - (-4)/r. Suppose n + 2*v - 332 = -4*n, -g = -3*n - 3*v. What is the tens digit of n?
6
Let z(p) be the third derivative of -p**5/20 + 49*p**4/8 - 10*p**3/3 - 7*p**2 - 4. What is the tens digit of z(17)?
1
Suppose -88110 = -3*m + 5*r, 4*m - r + 29378 = 5*m. Suppose m = 25*h - 0*h. What is the units digit of h?
5
Suppose 1336 + 209 = 5*x. Let v = 476 - x. What is the tens digit of v?
6
Suppose 0 = -4*k + 21*p + 105153, -2*p + 2959 = 2*k - 49705. What is the tens digit of k?
2
Suppose g + 0*g = -4*p + 13, 2*p + 2*g - 2 = 0. Suppose m = -0 + p. What is the tens digit of (-25)/(-40)*82 + (-1)/m?
5
Suppose w - 9540 = -4*w. Suppose 3*l + s - 5*s = 1915, -w = -3*l - 3*s. What is the tens digit of l?
3
Suppose 0 = 61*z - 62*z + 5362. Suppose -11*c = 2029 - z. What is the hundreds digit of c?
3
Let y(i) = i**3 + 18*i**2 + i + 20. Let b be y(-18). Suppose 0 = -5*x + s - 321, -3*s = b*x - 5*x - 183. Let p = x + 69. What is the units digit of p?
4
Let n(x) = -x**2 - 8*x - 10. Let l(v) = v - 13. Let i be l(8). Let q be n(i). Suppose -q*j - f = -132, -4*f + 3*f - 111 = -4*j. What is the units digit of j?
7
Let m(u) = -78*u**2 + 4. Let c(q) = -39*q**2 + 2. Let d(j) = 5*c(j) - 3*m(j). Let n be d(-1). Suppose 735 = n*g - 32*g. What is the hundreds digit of g?
1
Let z(p) be the second derivative of -5*p**3/6 + 5*p**2 + 12*p. Let b be z(2). Suppose b = 13*o - 2*o - 429. What is the units digit of o?
9
Suppose -28 = -3*b - 4*t - 7, -5*b = 3*t - 24. Suppose j - 3*c - 367 = c, 0 = -5*j - b*c + 1812. What is the tens digit of j?
6
What is the thousands digit of 315/525*255950/6?
5
Suppose -339 = -m - 133. Let d = 874 - 348. Suppose -12*i + m = -d. What is the units digit of i?
1
Suppose -4*f - 32 = o, 22*o - 3*f - 126 = 27*o. Let i(a) = -33*a. Let z be i(-2). Let y = o + z. What is the units digit of y?
2
Let q(p) = -20*p - 146. Let w be q(-7). What is the units digit of (-1 - w) + (4 - (-240 + 3))?
6
Suppose 0 = 4*g - 4*l - 240888, 52278 = -2*g + l + 172721. What is the thousands digit of g?
0
Let c(j) = -4*j**3 + 5*j**2 - 4*j. Let v be 42/18 - 2/6. Let y be c(v). Let g = 55 + y. What is the tens digit of g?
3
Let p(i) = 12*i**2 +